in base 4?
3233231020
-1101110322 (base 4) to base 9
-556846
What is 64356 (base 12) in base 5?
13204301
Convert 996908 (base 14) to base 4.
103312212230
-328886 (base 11) to base 14
-d902d
Convert 2746b2 (base 12) to base 7.
5350106
Convert -3124321343 (base 5) to base 13.
-145b3a8
Convert 3259242 (base 12) to base 2.
100100100001101100010010
What is 520005 (base 8) in base 16?
2a005
What is -7362818 (base 9) in base 14?
-747575
What is 79ac0 (base 13) in base 11?
1414a6
What is 222120220012 (base 3) in base 13?
154295
211134 (base 7) to base 12
19100
953c1 (base 13) to base 4
1001212122
What is -252054001 (base 6) in base 14?
-906da1
Convert 22441212 (base 5) to base 6.
4202202
Convert -12013020002 (base 4) to base 8.
-6071002
-b6dd8d (base 14) to base 4
-113211333021
-30a46b (base 14) to base 6
-55104515
What is 133ca (base 13) in base 7?
206306
Convert 10002100231 (base 4) to base 11.
662850
What is -1051085 (base 10) in base 8?
-4004715
What is -3c4e4 (base 16) in base 15?
-4d2c7
-5c4cd (base 15) to base 11
-191476
-5b94 (base 15) to base 7
-110551
1885c6 (base 13) to base 6
21130444
Convert -13983020 (base 10) to base 4.
-311111310230
What is 311231020 (base 4) in base 11?
1402a9
What is -2175777 (base 8) in base 10?
-588799
Convert -2623163 (base 9) to base 11.
-899395
What is 114154504 (base 6) in base 13?
5a8aa9
Convert 5d070c (base 14) to base 15.
43025c
Convert 6027164 (base 8) to base 7.
16320165
What is -2346065 (base 7) in base 4?
-1020213110
35872112 (base 9) to base 4
1002312303131
Convert -349728 (base 10) to base 13.
-c3252
What is -ba83c8 (base 14) in base 9?
-12806388
10110101100100000 (base 2) to base 14
25c40
Convert 214ec4 (base 16) to base 15.
2d1b87
1000100001000111101 (base 2) to base 8
1041075
1273867 (base 10) to base 5
311230432
918efa (base 16) to base 15
c866ec
-29b49 (base 13) to base 12
-3973b
Convert -221302544 (base 6) to base 2.
-1111001110000011100000
98dc7 (base 15) to base 10
485737
What is 28875 (base 15) in base 4?
133301300
-33220221 (base 4) to base 5
-4022131
Convert 3033021112 (base 4) to base 14.
1812d0
16a01a (base 14) to base 5
200431114
Convert -10101100001110001 (base 2) to base 8.
-254161
Convert 5ca35 (base 15) to base 4.
1020033311
What is 623412 (base 7) in base 2?
11010000101111110
Convert 26b96c3 (base 13) to base 14.
18a0109
-133767 (base 8) to base 3
-2101121021
-137a59 (base 14) to base 13
-1a7c09
Convert -132112024 (base 5) to base 2.
-10100001001100101000
Convert 340540145 (base 6) to base 4.
113222111201
111000011000001110 (base 2) to base 4
320120032
-459911 (base 15) to base 9
-6224317
4541522 (base 6) to base 16
386ba
Convert 531523 (base 7) to base 2.
10110011011000011
667547 (base 9) to base 6
12320111
735770 (base 8) to base 15
4c7a3
-aa6855 (base 12) to base 11
-158a010
What is 4344331 (base 5) in base 9?
123745
What is -30103322200 (base 4) in base 14?
-6001b2
Convert 122327 (base 10) to base 5.
12403302
Convert 3210200211 (base 4) to base 12.
391799
8703b (base 12) to base 14
48c47
Convert -e1946 (base 15) to base 2.
-10101110010111101000
-13421040 (base 10) to base 13
-2a1ba59
-405501 (base 10) to base 3
-202121020120
What is 1352354 (base 8) in base 4?
1131103230
What is 10022011022 (base 4) in base 12?
446862
1101000000111010000110 (base 2) to base 7
40666220
Convert -3054462 (base 7) to base 12.
-158170
What is -9525 (base 10) in base 11?
-717a
What is -10101000001111101110000 (base 2) in base 5?
-2402404242
-20020121120001 (base 3) to base 5
-1322200224
Convert -3100302020 (base 5) to base 16.
-5f83b3
Convert 245242 (base 6) to base 13.
9c89
-1261545 (base 9) to base 3
-1022001121112
Convert -246442 (base 8) to base 9.
-138877
Convert 34305560 (base 8) to base 12.
25aa354
Convert -101102010 (base 4) to base 13.
-262b3
Convert -266566434 (base 7) to base 10.
-17277474
Convert 12100110110 (base 3) to base 5.
11332222
-100111111011000100 (base 2) to base 12
-7a770
What is 44425350 (base 7) in base 6?
214135423
What is 161112 (base 10) in base 12?
792a0
-1231310303 (base 4) to base 8
-1556463
What is a6261 (base 14) in base 15?
7dca1
What is -21001000010002 (base 3) in base 5?
-1424133403
-2aaa2 (base 15) to base 5
-13344102
What is -136151 (base 9) in base 13?
-2bb67
-5190406 (base 10) to base 16
-4f3306
What is -21200121 (base 3) in base 5?
-134410
What is 21721 (base 8) in base 5?
243134
Convert -1510023 (base 7) to base 16.
-31d46
Convert 4434510 (base 7) to base 16.
8575b
-4446314 (base 7) to base 11
-345a57
What is -227417 (base 10) in base 12?
-ab735
What is -1344403 (base 5) in base 6?
-334035
14626562 (base 8) to base 15
463b80
-dd6bb6 (base 14) to base 7
-120555516
What is -132a671 (base 14) in base 13?
-1bba824
Convert -c9cdc (base 15) to base 11.
-3a847a
What is 201212010210 (base 3) in base 6?
12213250
Convert -1010011010100101110110 (base 2) to base 16.
-29a976
-309051 (base 15) to base 5
-1042333301
-1032311002 (base 4) to base 5
-40313012
What is -29400 (base 10) in base 13?
-104c7
-1001110111000100111 (base 2) to base 4
-1032320213
What is 1a035 (base 12) in base 4?
21102221
-2636a (base 14) to base 12
-46476
Convert -1567681 (base 9) to base 14.
-189974
42031352 (base 6) to base 10
1217300
-111111011110100110010 (base 2) to base 12
-843896
-2043131 (base 5) to base 2
-1000010101110110
What is 55764 (base 13) in base 11?
a654a
Convert a3eea (base 15) to base 16.
7ee41
397a3 (base 11) to base 2
1101111000011110
Convert 18bd2 (base 14) to base 13.
22709
-163310 (base 8) to base 14
-17760
What is 3261513 (base 9) in base 10?
1752933
Convert -12200012111 (base 3) to base 14.
-2c9b7
Convert -1386314 (base 10) to base 4.
-11102131022
202022201200 (base 3) to base 15
7d7d3
Convert 2374660 (base 8) to base 7.
5361650
Convert -1631332 (base 7) to base 11.
-144a53
What is 200021111 (base 4) in base 14?
35dad
2334052 (base 9) to base 14
24c231
-16728 (base 15) to base 8
-215450
Convert -46315670 (base 8) to base 6.
-555433520
Convert -d3a9 (base 15) to base 10.
-44709
-113331102 (base 4) to base 15
-1e120
What is -2035ad (base 14) in base 3?
-2001010100200
Convert -1124176 (base 10) to base 16.
-112750
-443255 (base 6) to base 8
-110263
36990c (base 13) to base 16
13efb7
What is -30063033 (base 7) in base 5?
-1114023323
What is 50525 (base 8) in base 7?
114463
Convert 84b04 (base 13) to base 9.
404030
-35760 (base 9) to base 7
-126552
-3603190 (base 10) to base 7
-42424633
Convert -145325504 (base 7) to base 6.
-543555445
Convert 6282496 (base 10) to base 11.
3601150
Convert -6e8014 (base 16) to base 5.
-3323213443
Convert -433231 (base 9) to base 11.
-167039
-53442 (base 11) to base 6
-1355504
6a3514 (base 13) to base 6
130010245
12cc5a5 (base 14) to base 10
9100229
What is -120103420 (base 6) in base 4?
-20210312010
Convert 1024111134 (base 6) to base 14.
1620122
-105c6 (base 14) to base 9
-60246
What is 3550530 (base 6) in base 13?
665a3
7724311 (base 10) to base 9
15472677
-30244034 (base 5) to base 2
-111011011110111100
-102d60 (base 15) to base 6
-24252500
Convert 82582 (base 14) to base 13.
acb5c
-79b94 (base 13) to base 4
-312013300
Convert 41656166 (base 7) to base 2.
1101011101000010100111
What is -b976a (base 16) in base 15?
-10013d
What is -1034840 (base 9) in base 2?
-10000111011011100100
Convert -610cc (base 14) to base 9.
-385165
What is 206899 (base 10) in base 2?
110010100000110011
Convert 84119 (base 13) to base 2.
111001111110011011
What is -62a439 (base 16) in base 9?
-13142644
Convert -110100111010010110000 (base 2) to base 6.
-101054520
Convert 1046328 (base 11) to base 4.
13000312220
-90296 (base 15) to base 9
-764726
Convert -2a9aa3b (base 13) to base 16.
-d03dcb
-5652836 (base 11) to base 13
-2088793
-27935 (base 10) to base 11
-19a96
23023313 (base 4) to base 12
2261b
Convert -54239d (base 16) to base 8.
-25021635
11000100100111101010001 (base 2) to base 9
13108813
What is -25585266 (base 9) in base 12?
-4265073
Convert -32484116 (base 9) to base 14.
-212abb7
Convert 13157 (base 14) to base 4.
23131021
What is -10331210203 (base 4) in base 16?
-13d923
40402143 (base 5) to base 15
665b8
Convert -3716a (base 12) to base 2.
-10010001100100010
719375 (base 11) to base 4
10121311312
Convert -2a281a3 (base 12) to base 15.
-b33336
Convert -867